{"id":387,"date":"2024-05-29T19:57:40","date_gmt":"2024-05-29T19:57:40","guid":{"rendered":"https:\/\/bhconsertapersianas.com.br\/2024\/?page_id=387"},"modified":"2024-05-29T19:57:40","modified_gmt":"2024-05-29T19:57:40","slug":"manutencao-de-cortinas-e-persianas","status":"publish","type":"page","link":"https:\/\/www.bhconsertapersianas.com.br\/index.php\/manutencao-de-cortinas-e-persianas\/","title":{"rendered":"Manuten\u00e7\u00e3o de Cortinas e Persianas"},"content":{"rendered":"<p>Executamos manuten\u00e7\u00e3o de todas as marcas de cortinas e persianas do mercado com total qualidade, pois temos uma excelente equipe especializada. Sempre utilizamos componentes originais dos fabricantes. Damos total garantia dos nossos servi\u00e7os prestados.<\/p>\n<h2><strong>Atendimento Exclusivo via Celular e WhatsApp: (<\/strong><b>31) 9 8030-0326<\/b><\/h2>\n<p><strong>E-mail:\u00a0<span id=\"cloak16da718148afb1a1cadcf53bd6bcf4f3\"><a title=\"Conserto de Persianas BH\" href=\"mailto:bhconsertapersianas@gmail.com\">bhconsertapersianas@gmail.com<\/a><\/span><\/strong><\/p>\n<p>Atendemos BH e toda regi\u00e3o metropolitana e algumas cidades do interior. Consulte-nos. Ser\u00e1 um prazer atend\u00ea-lo.<strong><br \/>\n<\/strong>Trabalhamos com v\u00e1rias formas de pagamento. Com certeza, existe uma para melhor atend\u00ea-lo.<strong><br \/>\n<\/strong><\/p>\n<p><strong>Atendimento: de segunda \u00e0 sexta: 9:30 h \u00e0s 17 h.<br \/>\n<\/strong><\/p>\n<p>Com a BH Conserta Persianas, voc\u00ea poder\u00e1 ficar tranquilo, pois damos garantia dos nossos servi\u00e7os prestados.<\/p>\n<p>A \u00a0<strong>BH Conserta Persianas<\/strong>, \u00e9 uma empresa especializada em Manuten\u00e7\u00e3o, Lavagem, instala\u00e7\u00e3o e motoriza\u00e7\u00e3o de cortinas e persianas de todas as marcas e modelos. A BH Conserta Persianas \u00e9 moderna, arrojada e diversificada que preza o bom relacionamento com seus clientes. Trabalhamos com o compromisso da qualidade e da excel\u00eancia na presta\u00e7\u00e3o de servi\u00e7o, com atendimento personalizado e negocia\u00e7\u00e3o flex\u00edvel.<\/p>\n<p>Chegamos para suprir a necessidade do mercado, que est\u00e1 carente de uma <strong>assist\u00eancia t\u00e9cnica<\/strong> especializada, com \u00f3timo atendimento e pre\u00e7os competitivos e acess\u00edveis a todos. Hoje, atendimento, \u00a0pre\u00e7o e qualidade \u00e9 o que todos os nossos clientes merecem \u00a0e \u00e9 por isto que optamos por ser uma empresa que agregue valores e servi\u00e7os de alto padr\u00e3o. Refor\u00e7amos que mantemos o compromisso de n\u00e3o trabalhar com venda de cortinas e persianas, pois nosso foco \u00e9 dar a assist\u00eancia necess\u00e1ria ap\u00f3s o cliente adquirir os produtos.<br \/>\nAtendemos BH e toda regi\u00e3o metropolitana e algumas cidades do interior. Consulte-nos. Ser\u00e1 um prazer atend\u00ea-lo.<strong><br \/>\n<\/strong>Trabalhamos com v\u00e1rias formas de pagamento. Com certeza, existe uma para melhor atend\u00ea-lo.<strong><br \/>\n<\/strong><\/p>\n<p>Dicas de Manuten\u00e7\u00e3o e Limpeza de Persianas e Cortinas<\/p>\n<p>\u2022\u00a0\u00a0\u00a0 <em>Persianas Horizontais de Alum\u00ednio e Madeira e Persianas Verticais de Tecido:<\/em><br \/>\nFeche as l\u00e2minas da persiana e passe espanador ou pano suave. Repita a opera\u00e7\u00e3o do outro lado das l\u00e2minas. A mesma opera\u00e7\u00e3o pode ser feita utilizando-se o aspirador de p\u00f3 com o bocal escova ou espanador.<\/p>\n<p>\u2022\u00a0\u00a0\u00a0 <em>Persianas Verticais de PVC:\u2028<\/em><\/p>\n<p>1 &#8211; Para limpeza simples:<br \/>\nLimpar as l\u00e2minas de PVC sempre com sab\u00e3o neutro e esponja macia. Jamais esfregar a l\u00e2mina com produto abrasivo ou usar detergentes ou alvejantes elaborados com produtos qu\u00edmicos, pois, pode haver rea\u00e7\u00e3o com o PVC e manchar a superf\u00edcie das l\u00e2minas.<\/p>\n<p>2 &#8211; Para eliminar a est\u00e1tica:<br \/>\nQuando as l\u00e2minas apresentam est\u00e1tica, isto \u00e9, quando as l\u00e2minas come\u00e7arem a grudar uma nas outras perdendo o caimento original, deve-se passar um pano \u00famido de cima para baixo em toda a extens\u00e3o da l\u00e2mina com est\u00e1tica, segurando o pano com ambas as m\u00e3os envolvendo a parte de tr\u00e1s e da frente da l\u00e2mina ao mesmo tempo.<\/p>\n<p>3 &#8211; Para limpeza de manchas:<br \/>\nS\u00e3o dois os tipos de manchas que podem aparecer nas l\u00e2minas em PVC:<br \/>\na) manchas acinzentadas com efeitos marmorizados, provenientes de part\u00edculas de ar polu\u00eddo que grudaram na superf\u00edcie gordurosa do PVC decorrente de rea\u00e7\u00e3o qu\u00edmica, ou, res\u00edduos dos produtos de limpeza utilizados e n\u00e3o apropriados para o uso em PVC.<br \/>\nb) manchas em forma de mosaico ou aranha decorrentes de fuligem ou p\u00f3 que grudaram na superf\u00edcie do PVC em fun\u00e7\u00e3o da est\u00e1tica.<br \/>\nEm ambos os casos, lavar bem as l\u00e2minas com sab\u00e3o neutro e esponja macia at\u00e9 tirar completamente as manchas, a gordura e tamb\u00e9m a est\u00e1tica.<\/p>\n<p>Todos os produtos devem ser limpos semanalmente.<br \/>\n\u2022\u00a0\u00a0\u00a0 <em>Cortinas Celulares \/ Plissadas\/Nuance:\u2028<\/em><\/p>\n<p>Utilize com cuidado aspirador de p\u00f3 com bocal escova. A lavagem \u00a0\u00e9 recomendada em empresas especializadas. Aten\u00e7\u00e3o, o tecido da cole\u00e7\u00e3o Celular Blackout e todos os tecidos da linha Plissada, n\u00e3o podem ser submetidos a nenhum tipo de lavagem. Na cortina Nuance tamb\u00e9m pode ser utilizado secador de cabelo para remover poeira que se acumula nas l\u00e2minas, sempre na regulagem &#8220;frio&#8221;<br \/>\n\u2022\u00a0\u00a0\u00a0 <em>Cortinas Rol\u00f4 \/ Romana \/ Painel \/ Twin\u2028<\/em><\/p>\n<p>Utilize aspirador de p\u00f3 com bocal de escova e espanador.<\/p>\n<p><img loading=\"lazy\" decoding=\"async\" class=\"aligncenter wp-image-327 size-full\" src=\"https:\/\/bhconsertapersianas.com.br\/wp-content\/uploads\/2024\/05\/manutencao-001.webp\" alt=\"Manuten\u00e7\u00e3o de Cortinas e Persianas\" width=\"1090\" height=\"510\" srcset=\"https:\/\/www.bhconsertapersianas.com.br\/wp-content\/uploads\/2024\/05\/manutencao-001.webp 1090w, https:\/\/www.bhconsertapersianas.com.br\/wp-content\/uploads\/2024\/05\/manutencao-001-300x140.webp 300w, https:\/\/www.bhconsertapersianas.com.br\/wp-content\/uploads\/2024\/05\/manutencao-001-1024x479.webp 1024w, https:\/\/www.bhconsertapersianas.com.br\/wp-content\/uploads\/2024\/05\/manutencao-001-768x359.webp 768w\" sizes=\"auto, (max-width: 1090px) 100vw, 1090px\" \/><\/p>\n","protected":false},"excerpt":{"rendered":"<p>Executamos manuten\u00e7\u00e3o de todas as marcas de cortinas e persianas do mercado com total qualidade, pois temos uma excelente equipe especializada. Sempre utilizamos componentes originais dos fabricantes. Damos total garantia dos nossos servi\u00e7os prestados. Atendimento Exclusivo via Celular e WhatsApp:<\/p>\n","protected":false},"author":1,"featured_media":0,"parent":0,"menu_order":0,"comment_status":"closed","ping_status":"closed","template":"","meta":{"_joinchat":[],"footnotes":""},"class_list":["post-387","page","type-page","status-publish","hentry"],"yoast_head":"<!-- This site is optimized with the Yoast SEO plugin v25.3 - https:\/\/yoast.com\/wordpress\/plugins\/seo\/ -->\n<title>Manuten\u00e7\u00e3o de Cortinas e Persianas - BH Conserta Persianas<\/title>\n<meta name=\"robots\" content=\"index, follow, max-snippet:-1, max-image-preview:large, max-video-preview:-1\" \/>\n<link rel=\"canonical\" href=\"https:\/\/www.bhconsertapersianas.com.br\/index.php\/manutencao-de-cortinas-e-persianas\/\" \/>\n<meta property=\"og:locale\" content=\"pt_BR\" \/>\n<meta property=\"og:type\" content=\"article\" \/>\n<meta property=\"og:title\" content=\"Manuten\u00e7\u00e3o de Cortinas e Persianas - BH Conserta Persianas\" \/>\n<meta property=\"og:description\" content=\"Executamos manuten\u00e7\u00e3o de todas as marcas de cortinas e persianas do mercado com total qualidade, pois temos uma excelente equipe especializada. Sempre utilizamos componentes originais dos fabricantes. Damos total garantia dos nossos servi\u00e7os prestados. Atendimento Exclusivo via Celular e WhatsApp:\" \/>\n<meta property=\"og:url\" content=\"https:\/\/www.bhconsertapersianas.com.br\/index.php\/manutencao-de-cortinas-e-persianas\/\" \/>\n<meta property=\"og:site_name\" content=\"BH Conserta Persianas\" \/>\n<meta property=\"og:image\" content=\"https:\/\/bhconsertapersianas.com.br\/wp-content\/uploads\/2024\/05\/manutencao-001.webp\" \/>\n<meta name=\"twitter:card\" content=\"summary_large_image\" \/>\n<meta name=\"twitter:label1\" content=\"Est. tempo de leitura\" \/>\n\t<meta name=\"twitter:data1\" content=\"3 minutos\" \/>\n<script type=\"application\/ld+json\" class=\"yoast-schema-graph\">{\"@context\":\"https:\/\/schema.org\",\"@graph\":[{\"@type\":\"WebPage\",\"@id\":\"https:\/\/www.bhconsertapersianas.com.br\/index.php\/manutencao-de-cortinas-e-persianas\/\",\"url\":\"https:\/\/www.bhconsertapersianas.com.br\/index.php\/manutencao-de-cortinas-e-persianas\/\",\"name\":\"Manuten\u00e7\u00e3o de Cortinas e Persianas - BH Conserta Persianas\",\"isPartOf\":{\"@id\":\"https:\/\/www.bhconsertapersianas.com.br\/#website\"},\"primaryImageOfPage\":{\"@id\":\"https:\/\/www.bhconsertapersianas.com.br\/index.php\/manutencao-de-cortinas-e-persianas\/#primaryimage\"},\"image\":{\"@id\":\"https:\/\/www.bhconsertapersianas.com.br\/index.php\/manutencao-de-cortinas-e-persianas\/#primaryimage\"},\"thumbnailUrl\":\"https:\/\/bhconsertapersianas.com.br\/wp-content\/uploads\/2024\/05\/manutencao-001.webp\",\"datePublished\":\"2024-05-29T19:57:40+00:00\",\"breadcrumb\":{\"@id\":\"https:\/\/www.bhconsertapersianas.com.br\/index.php\/manutencao-de-cortinas-e-persianas\/#breadcrumb\"},\"inLanguage\":\"pt-BR\",\"potentialAction\":[{\"@type\":\"ReadAction\",\"target\":[\"https:\/\/www.bhconsertapersianas.com.br\/index.php\/manutencao-de-cortinas-e-persianas\/\"]}]},{\"@type\":\"ImageObject\",\"inLanguage\":\"pt-BR\",\"@id\":\"https:\/\/www.bhconsertapersianas.com.br\/index.php\/manutencao-de-cortinas-e-persianas\/#primaryimage\",\"url\":\"https:\/\/bhconsertapersianas.com.br\/wp-content\/uploads\/2024\/05\/manutencao-001.webp\",\"contentUrl\":\"https:\/\/bhconsertapersianas.com.br\/wp-content\/uploads\/2024\/05\/manutencao-001.webp\"},{\"@type\":\"BreadcrumbList\",\"@id\":\"https:\/\/www.bhconsertapersianas.com.br\/index.php\/manutencao-de-cortinas-e-persianas\/#breadcrumb\",\"itemListElement\":[{\"@type\":\"ListItem\",\"position\":1,\"name\":\"In\u00edcio\",\"item\":\"https:\/\/www.bhconsertapersianas.com.br\/\"},{\"@type\":\"ListItem\",\"position\":2,\"name\":\"Manuten\u00e7\u00e3o de Cortinas e Persianas\"}]},{\"@type\":\"WebSite\",\"@id\":\"https:\/\/www.bhconsertapersianas.com.br\/#website\",\"url\":\"https:\/\/www.bhconsertapersianas.com.br\/\",\"name\":\"BH Conserta Persianas\",\"description\":\"\",\"publisher\":{\"@id\":\"https:\/\/www.bhconsertapersianas.com.br\/#organization\"},\"potentialAction\":[{\"@type\":\"SearchAction\",\"target\":{\"@type\":\"EntryPoint\",\"urlTemplate\":\"https:\/\/www.bhconsertapersianas.com.br\/?s={search_term_string}\"},\"query-input\":{\"@type\":\"PropertyValueSpecification\",\"valueRequired\":true,\"valueName\":\"search_term_string\"}}],\"inLanguage\":\"pt-BR\"},{\"@type\":\"Organization\",\"@id\":\"https:\/\/www.bhconsertapersianas.com.br\/#organization\",\"name\":\"BH Conserta Persianas\",\"url\":\"https:\/\/www.bhconsertapersianas.com.br\/\",\"logo\":{\"@type\":\"ImageObject\",\"inLanguage\":\"pt-BR\",\"@id\":\"https:\/\/www.bhconsertapersianas.com.br\/#\/schema\/logo\/image\/\",\"url\":\"https:\/\/www.bhconsertapersianas.com.br\/wp-content\/uploads\/2024\/05\/bh-conserta-logomarca.webp\",\"contentUrl\":\"https:\/\/www.bhconsertapersianas.com.br\/wp-content\/uploads\/2024\/05\/bh-conserta-logomarca.webp\",\"width\":306,\"height\":60,\"caption\":\"BH Conserta Persianas\"},\"image\":{\"@id\":\"https:\/\/www.bhconsertapersianas.com.br\/#\/schema\/logo\/image\/\"}}]}<\/script>\n<!-- \/ Yoast SEO plugin. -->","yoast_head_json":{"title":"Manuten\u00e7\u00e3o de Cortinas e Persianas - BH Conserta Persianas","robots":{"index":"index","follow":"follow","max-snippet":"max-snippet:-1","max-image-preview":"max-image-preview:large","max-video-preview":"max-video-preview:-1"},"canonical":"https:\/\/www.bhconsertapersianas.com.br\/index.php\/manutencao-de-cortinas-e-persianas\/","og_locale":"pt_BR","og_type":"article","og_title":"Manuten\u00e7\u00e3o de Cortinas e Persianas - BH Conserta Persianas","og_description":"Executamos manuten\u00e7\u00e3o de todas as marcas de cortinas e persianas do mercado com total qualidade, pois temos uma excelente equipe especializada. Sempre utilizamos componentes originais dos fabricantes. Damos total garantia dos nossos servi\u00e7os prestados. Atendimento Exclusivo via Celular e WhatsApp:","og_url":"https:\/\/www.bhconsertapersianas.com.br\/index.php\/manutencao-de-cortinas-e-persianas\/","og_site_name":"BH Conserta Persianas","og_image":[{"url":"https:\/\/bhconsertapersianas.com.br\/wp-content\/uploads\/2024\/05\/manutencao-001.webp","type":"","width":"","height":""}],"twitter_card":"summary_large_image","twitter_misc":{"Est. tempo de leitura":"3 minutos"},"schema":{"@context":"https:\/\/schema.org","@graph":[{"@type":"WebPage","@id":"https:\/\/www.bhconsertapersianas.com.br\/index.php\/manutencao-de-cortinas-e-persianas\/","url":"https:\/\/www.bhconsertapersianas.com.br\/index.php\/manutencao-de-cortinas-e-persianas\/","name":"Manuten\u00e7\u00e3o de Cortinas e Persianas - BH Conserta Persianas","isPartOf":{"@id":"https:\/\/www.bhconsertapersianas.com.br\/#website"},"primaryImageOfPage":{"@id":"https:\/\/www.bhconsertapersianas.com.br\/index.php\/manutencao-de-cortinas-e-persianas\/#primaryimage"},"image":{"@id":"https:\/\/www.bhconsertapersianas.com.br\/index.php\/manutencao-de-cortinas-e-persianas\/#primaryimage"},"thumbnailUrl":"https:\/\/bhconsertapersianas.com.br\/wp-content\/uploads\/2024\/05\/manutencao-001.webp","datePublished":"2024-05-29T19:57:40+00:00","breadcrumb":{"@id":"https:\/\/www.bhconsertapersianas.com.br\/index.php\/manutencao-de-cortinas-e-persianas\/#breadcrumb"},"inLanguage":"pt-BR","potentialAction":[{"@type":"ReadAction","target":["https:\/\/www.bhconsertapersianas.com.br\/index.php\/manutencao-de-cortinas-e-persianas\/"]}]},{"@type":"ImageObject","inLanguage":"pt-BR","@id":"https:\/\/www.bhconsertapersianas.com.br\/index.php\/manutencao-de-cortinas-e-persianas\/#primaryimage","url":"https:\/\/bhconsertapersianas.com.br\/wp-content\/uploads\/2024\/05\/manutencao-001.webp","contentUrl":"https:\/\/bhconsertapersianas.com.br\/wp-content\/uploads\/2024\/05\/manutencao-001.webp"},{"@type":"BreadcrumbList","@id":"https:\/\/www.bhconsertapersianas.com.br\/index.php\/manutencao-de-cortinas-e-persianas\/#breadcrumb","itemListElement":[{"@type":"ListItem","position":1,"name":"In\u00edcio","item":"https:\/\/www.bhconsertapersianas.com.br\/"},{"@type":"ListItem","position":2,"name":"Manuten\u00e7\u00e3o de Cortinas e Persianas"}]},{"@type":"WebSite","@id":"https:\/\/www.bhconsertapersianas.com.br\/#website","url":"https:\/\/www.bhconsertapersianas.com.br\/","name":"BH Conserta Persianas","description":"","publisher":{"@id":"https:\/\/www.bhconsertapersianas.com.br\/#organization"},"potentialAction":[{"@type":"SearchAction","target":{"@type":"EntryPoint","urlTemplate":"https:\/\/www.bhconsertapersianas.com.br\/?s={search_term_string}"},"query-input":{"@type":"PropertyValueSpecification","valueRequired":true,"valueName":"search_term_string"}}],"inLanguage":"pt-BR"},{"@type":"Organization","@id":"https:\/\/www.bhconsertapersianas.com.br\/#organization","name":"BH Conserta Persianas","url":"https:\/\/www.bhconsertapersianas.com.br\/","logo":{"@type":"ImageObject","inLanguage":"pt-BR","@id":"https:\/\/www.bhconsertapersianas.com.br\/#\/schema\/logo\/image\/","url":"https:\/\/www.bhconsertapersianas.com.br\/wp-content\/uploads\/2024\/05\/bh-conserta-logomarca.webp","contentUrl":"https:\/\/www.bhconsertapersianas.com.br\/wp-content\/uploads\/2024\/05\/bh-conserta-logomarca.webp","width":306,"height":60,"caption":"BH Conserta Persianas"},"image":{"@id":"https:\/\/www.bhconsertapersianas.com.br\/#\/schema\/logo\/image\/"}}]}},"_links":{"self":[{"href":"https:\/\/www.bhconsertapersianas.com.br\/index.php\/wp-json\/wp\/v2\/pages\/387","targetHints":{"allow":["GET"]}}],"collection":[{"href":"https:\/\/www.bhconsertapersianas.com.br\/index.php\/wp-json\/wp\/v2\/pages"}],"about":[{"href":"https:\/\/www.bhconsertapersianas.com.br\/index.php\/wp-json\/wp\/v2\/types\/page"}],"author":[{"embeddable":true,"href":"https:\/\/www.bhconsertapersianas.com.br\/index.php\/wp-json\/wp\/v2\/users\/1"}],"replies":[{"embeddable":true,"href":"https:\/\/www.bhconsertapersianas.com.br\/index.php\/wp-json\/wp\/v2\/comments?post=387"}],"version-history":[{"count":0,"href":"https:\/\/www.bhconsertapersianas.com.br\/index.php\/wp-json\/wp\/v2\/pages\/387\/revisions"}],"wp:attachment":[{"href":"https:\/\/www.bhconsertapersianas.com.br\/index.php\/wp-json\/wp\/v2\/media?parent=387"}],"curies":[{"name":"wp","href":"https:\/\/api.w.org\/{rel}","templated":true}]}}